{"id":9,"date":"2019-01-28T21:53:54","date_gmt":"2019-01-28T20:53:54","guid":{"rendered":"http:\/\/147.83.54.19\/users\/pietro\/Quantum_Menorca_2019\/?page_id=9"},"modified":"2022-06-28T18:11:53","modified_gmt":"2022-06-28T18:11:53","slug":"organization","status":"publish","type":"page","link":"https:\/\/tcm2022.upc.edu\/index.php\/organization\/","title":{"rendered":"Organizers"},"content":{"rendered":"\n<p><strong>Scientific Organizers<\/strong><\/p>\n\n\n\n<p>Blas Echebarria (UPC)<\/p>\n\n\n\n<p>Maria Garcia Parajo (ICFO)<\/p>\n\n\n\n<p>Roser Sala-Llonch (UB)<\/p>\n\n\n\n<p><strong>Scientific Advisory Committee<\/strong><\/p>\n\n\n\n<p>Bel\u00e9n Ballesteros (ICN2)<\/p>\n\n\n\n<p>Turgut Durduran (ICFO)<\/p>\n\n\n\n<p>N\u00faria Ferrer (Societat Catalana de F\u00edsica &amp; Institut d\u2019Estudis Catalans)<\/p>\n\n\n\n<p>Marta Jordi (Institut Menorqu\u00ed d\u2019Estudis)<\/p>\n\n\n\n<p>Alexandre Perera (CREB \u2013 UPC)<\/p>\n\n\n\n<p>Clara Prats (UPC)<\/p>\n\n\n\n<p>Gerard Tobias (ICMAB)<\/p>\n\n\n\n<p><strong>Conference Officer<\/strong><\/p>\n\n\n\n<p>N\u00faria Fuster (Societat Catalana de F\u00edsica &amp; Institut d\u2019Estudis Catalans)<\/p>\n\n\n\n<p><strong>Organizing Entities<\/strong><\/p>\n\n\n\n<p>Catalan Society of Physics of the Institute of Catalan Studies<\/p>\n\n\n\n<p>Science and Technology Section of the Institute for Minorcan Studies<\/p>\n\n\n\n<p><strong>Contact<\/strong><\/p>\n\n\n\n<p>If you have any questions, you may contact us at <a href=\"mailto:PhysBM2022@gmail.com\">PhysBM2022@gmail.com<\/a><\/p>\n\n\n\n<p> <\/p>\n","protected":false},"excerpt":{"rendered":"<p>Scientific Organizers Blas Echebarria (UPC) Maria Garcia Parajo (ICFO) Roser Sala-Llonch (UB) Scientific Advisory Committee Bel\u00e9n Ballesteros (ICN2) Turgut Durduran (ICFO) N\u00faria Ferrer (Societat Catalana de F\u00edsica &amp; Institut d\u2019Estudis Catalans) Marta Jordi (Institut Menorqu\u00ed d\u2019Estudis) Alexandre Perera (CREB \u2013 UPC) Clara Prats (UPC) Gerard Tobias (ICMAB) Conference Officer N\u00faria Fuster (Societat Catalana de F\u00edsica [&hellip;]<\/p>\n","protected":false},"author":1,"featured_media":0,"parent":0,"menu_order":0,"comment_status":"closed","ping_status":"closed","template":"","meta":{"footnotes":""},"class_list":["post-9","page","type-page","status-publish","hentry"],"yoast_head":"<!-- This site is optimized with the Yoast SEO plugin v19.14 - https:\/\/yoast.com\/wordpress\/plugins\/seo\/ -->\n<title>Organizers - PhysBM2022<\/title>\n<meta name=\"robots\" content=\"index, follow, max-snippet:-1, max-image-preview:large, max-video-preview:-1\" \/>\n<link rel=\"canonical\" href=\"https:\/\/tcm2022.upc.edu\/index.php\/organization\/\" \/>\n<meta property=\"og:locale\" content=\"en_US\" \/>\n<meta property=\"og:type\" content=\"article\" \/>\n<meta property=\"og:title\" content=\"Organizers - PhysBM2022\" \/>\n<meta property=\"og:description\" content=\"Scientific Organizers Blas Echebarria (UPC) Maria Garcia Parajo (ICFO) Roser Sala-Llonch (UB) Scientific Advisory Committee Bel\u00e9n Ballesteros (ICN2) Turgut Durduran (ICFO) N\u00faria Ferrer (Societat Catalana de F\u00edsica &amp; Institut d\u2019Estudis Catalans) Marta Jordi (Institut Menorqu\u00ed d\u2019Estudis) Alexandre Perera (CREB \u2013 UPC) Clara Prats (UPC) Gerard Tobias (ICMAB) Conference Officer N\u00faria Fuster (Societat Catalana de F\u00edsica [&hellip;]\" \/>\n<meta property=\"og:url\" content=\"https:\/\/tcm2022.upc.edu\/index.php\/organization\/\" \/>\n<meta property=\"og:site_name\" content=\"PhysBM2022\" \/>\n<meta property=\"article:modified_time\" content=\"2022-06-28T18:11:53+00:00\" \/>\n<meta name=\"twitter:card\" content=\"summary_large_image\" \/>\n<meta name=\"twitter:label1\" content=\"Est. reading time\" \/>\n\t<meta name=\"twitter:data1\" content=\"1 minute\" \/>\n<script type=\"application\/ld+json\" class=\"yoast-schema-graph\">{\"@context\":\"https:\/\/schema.org\",\"@graph\":[{\"@type\":\"WebPage\",\"@id\":\"https:\/\/tcm2022.upc.edu\/index.php\/organization\/\",\"url\":\"https:\/\/tcm2022.upc.edu\/index.php\/organization\/\",\"name\":\"Organizers - PhysBM2022\",\"isPartOf\":{\"@id\":\"https:\/\/tcm2022.upc.edu\/#website\"},\"datePublished\":\"2019-01-28T20:53:54+00:00\",\"dateModified\":\"2022-06-28T18:11:53+00:00\",\"breadcrumb\":{\"@id\":\"https:\/\/tcm2022.upc.edu\/index.php\/organization\/#breadcrumb\"},\"inLanguage\":\"en-US\",\"potentialAction\":[{\"@type\":\"ReadAction\",\"target\":[\"https:\/\/tcm2022.upc.edu\/index.php\/organization\/\"]}]},{\"@type\":\"BreadcrumbList\",\"@id\":\"https:\/\/tcm2022.upc.edu\/index.php\/organization\/#breadcrumb\",\"itemListElement\":[{\"@type\":\"ListItem\",\"position\":1,\"name\":\"Home\",\"item\":\"https:\/\/tcm2022.upc.edu\/\"},{\"@type\":\"ListItem\",\"position\":2,\"name\":\"Organizers\"}]},{\"@type\":\"WebSite\",\"@id\":\"https:\/\/tcm2022.upc.edu\/#website\",\"url\":\"https:\/\/tcm2022.upc.edu\/\",\"name\":\"PhysBM2022\",\"description\":\"\",\"potentialAction\":[{\"@type\":\"SearchAction\",\"target\":{\"@type\":\"EntryPoint\",\"urlTemplate\":\"https:\/\/tcm2022.upc.edu\/?s={search_term_string}\"},\"query-input\":\"required name=search_term_string\"}],\"inLanguage\":\"en-US\"}]}<\/script>\n<!-- \/ Yoast SEO plugin. -->","yoast_head_json":{"title":"Organizers - PhysBM2022","robots":{"index":"index","follow":"follow","max-snippet":"max-snippet:-1","max-image-preview":"max-image-preview:large","max-video-preview":"max-video-preview:-1"},"canonical":"https:\/\/tcm2022.upc.edu\/index.php\/organization\/","og_locale":"en_US","og_type":"article","og_title":"Organizers - PhysBM2022","og_description":"Scientific Organizers Blas Echebarria (UPC) Maria Garcia Parajo (ICFO) Roser Sala-Llonch (UB) Scientific Advisory Committee Bel\u00e9n Ballesteros (ICN2) Turgut Durduran (ICFO) N\u00faria Ferrer (Societat Catalana de F\u00edsica &amp; Institut d\u2019Estudis Catalans) Marta Jordi (Institut Menorqu\u00ed d\u2019Estudis) Alexandre Perera (CREB \u2013 UPC) Clara Prats (UPC) Gerard Tobias (ICMAB) Conference Officer N\u00faria Fuster (Societat Catalana de F\u00edsica [&hellip;]","og_url":"https:\/\/tcm2022.upc.edu\/index.php\/organization\/","og_site_name":"PhysBM2022","article_modified_time":"2022-06-28T18:11:53+00:00","twitter_card":"summary_large_image","twitter_misc":{"Est. reading time":"1 minute"},"schema":{"@context":"https:\/\/schema.org","@graph":[{"@type":"WebPage","@id":"https:\/\/tcm2022.upc.edu\/index.php\/organization\/","url":"https:\/\/tcm2022.upc.edu\/index.php\/organization\/","name":"Organizers - PhysBM2022","isPartOf":{"@id":"https:\/\/tcm2022.upc.edu\/#website"},"datePublished":"2019-01-28T20:53:54+00:00","dateModified":"2022-06-28T18:11:53+00:00","breadcrumb":{"@id":"https:\/\/tcm2022.upc.edu\/index.php\/organization\/#breadcrumb"},"inLanguage":"en-US","potentialAction":[{"@type":"ReadAction","target":["https:\/\/tcm2022.upc.edu\/index.php\/organization\/"]}]},{"@type":"BreadcrumbList","@id":"https:\/\/tcm2022.upc.edu\/index.php\/organization\/#breadcrumb","itemListElement":[{"@type":"ListItem","position":1,"name":"Home","item":"https:\/\/tcm2022.upc.edu\/"},{"@type":"ListItem","position":2,"name":"Organizers"}]},{"@type":"WebSite","@id":"https:\/\/tcm2022.upc.edu\/#website","url":"https:\/\/tcm2022.upc.edu\/","name":"PhysBM2022","description":"","potentialAction":[{"@type":"SearchAction","target":{"@type":"EntryPoint","urlTemplate":"https:\/\/tcm2022.upc.edu\/?s={search_term_string}"},"query-input":"required name=search_term_string"}],"inLanguage":"en-US"}]}},"_links":{"self":[{"href":"https:\/\/tcm2022.upc.edu\/index.php\/wp-json\/wp\/v2\/pages\/9","targetHints":{"allow":["GET"]}}],"collection":[{"href":"https:\/\/tcm2022.upc.edu\/index.php\/wp-json\/wp\/v2\/pages"}],"about":[{"href":"https:\/\/tcm2022.upc.edu\/index.php\/wp-json\/wp\/v2\/types\/page"}],"author":[{"embeddable":true,"href":"https:\/\/tcm2022.upc.edu\/index.php\/wp-json\/wp\/v2\/users\/1"}],"replies":[{"embeddable":true,"href":"https:\/\/tcm2022.upc.edu\/index.php\/wp-json\/wp\/v2\/comments?post=9"}],"version-history":[{"count":10,"href":"https:\/\/tcm2022.upc.edu\/index.php\/wp-json\/wp\/v2\/pages\/9\/revisions"}],"predecessor-version":[{"id":4221,"href":"https:\/\/tcm2022.upc.edu\/index.php\/wp-json\/wp\/v2\/pages\/9\/revisions\/4221"}],"wp:attachment":[{"href":"https:\/\/tcm2022.upc.edu\/index.php\/wp-json\/wp\/v2\/media?parent=9"}],"curies":[{"name":"wp","href":"https:\/\/api.w.org\/{rel}","templated":true}]}}